e -2*t + 41 + 15 = 0. What is the remainder when t is divided by n?
3
Suppose 2*j - 7*j + 25 = 0. Suppose j*x - 111 + 1 = 0. Let c = x - -35. What is the remainder when c is divided by 20?
17
Suppose 5*s = -3*z + 30, 7*s = 8*s + 4*z - 6. What is the remainder when 122 is divided by ((-4)/(-6))/(s - 875/147)?
10
Suppose -8*x - 2046 = -398. Let t = x - -215. Calculate the remainder when 32 is divided by t.
5
Suppose -25*p + 69 = -2*p. Suppose 1 = 2*x - 39. Calculate the remainder when 10 is divided by (x/(-15))/((-1)/p).
2
Suppose 5*y - 33 = -3*t, 0 = 32*y - 35*y + t + 3. Calculate the remainder when 2739 is divided by y.
0
Suppose -34*y + 22851 - 343 = 0. What is the remainder when y is divided by 5?
2
Suppose 0*o + o = 35*o - 69802. Calculate the remainder when o is divided by 26.
25
Let f = 5296 - 4684. What is the remainder when f is divided by 15?
12
Let s = 111 + -107. What is the remainder when (1088/10)/s*5 is divided by 60?
16
Calculate the remainder when 4802 is divided by 155/(-2)*92/(-46).
152
Let g = 386557 - 386528. Suppose 0 = -2*z - x - 8, 21 = -4*z - 3*x + 1. Calculate the remainder when z/1*226/(-4) is divided by g.
26
What is the remainder when -8 - (72/48)/((-9)/6) - -465 is divided by 58?
52
Suppose k - 3*k = -8. Let q(x) be the first derivative of -x**4/4 + 2*x**3 - 2*x**2 - 3*x + 31. What is the remainder when 38 is divided by q(k)?
12
What is the remainder when 698 is divided by 14/(-112)*2*-100?
23
What is the remainder when ((-5715)/(-15))/(3 - 1224/410) is divided by 11?
9
Suppose 11*u - 9*u + 5*v - 42 = 0, 4*v + 42 = 2*u. Suppose r = -2*i + 228, -u + 13 = -4*r. What is the remainder when i is divided by 17?
11
Let a = 25 + -17. Let x be (6/(-4))/((-7)/(-154) - 0). Let k = x - -36. What is the remainder when a is divided by k?
2
Suppose 0 = -14*q + 32181 - 9725. What is the remainder when q is divided by 134?
130
Let i = -198 + 198. Suppose 2*l + i*k = k + 303, -2*l - 2*k = -306. Calculate the remainder when l is divided by 12.
8
Suppose -3*j = 4*y - 254 - 618, 5*y - 1117 = 3*j. Let i = 249 - y. Let q(l) = -84*l - 2. Calculate the remainder when q(-2) is divided by i.
26
Let g = 43 - -25. Let w = -181 - -181. What is the remainder when g is divided by w - ((-6)/16 + 308/(-32))?
8
What is the remainder when (-14392)/(-84)*(-12)/(-8) is divided by 67?
56
Suppose 3*c + 12*h - 29 = 11*h, -2*h = 2*c - 14. What is the remainder when 2549 is divided by c?
8
Suppose 130 = i - 5*o + 137, -4*o + 81 = 5*i. Let y(x) = x**3 - 10*x**2 + 8*x + 8. Let g be y(9). Calculate the remainder when (-2)/g*-1 - -39 is divided by i.
11
Suppose -31 = -6*s - 7. Suppose -5*p + p = f - s, 16 = 4*f + p. Suppose 5*g - f*i - 185 = i, -5*g + 209 = 3*i. Calculate the remainder when g is divided by 7.
5
Suppose 2*w - 3*d - 2447 = 0, 15*w - 2*d = 12*w + 3668. Calculate the remainder when w is divided by 102.
100
Suppose v = 27 + 5. Let x be (-12)/9*15/(-10). Suppose 2*h = x*g + 30, -2*g - 34 = -2*h + g. What is the remainder when v is divided by h?
10
Let z(y) = 2*y**2 - 83*y + 47. Calculate the remainder when z(45) is divided by 41.
34
Suppose -2*y + 2*w + 8 = 0, -4*y - 2*w = 22 - 8. What is the remainder when 36 is divided by 8 - ((-1 - 3/y) + 2)?
0
Suppose -p = -2*k + 5, 2*k - 19 = 3*p - 24. Suppose 0 = -40*i + 44*i + k*h - 224, 4*i = -h + 240. What is the remainder when i is divided by 20?
1
Let u(x) = 206*x - 1752. Calculate the remainder when 600 is divided by u(9).
90
Suppose -3*m + 4*t - 141 + 26 = 0, 4*t = -2*m - 110. Let i(c) = -3*c - 99. Calculate the remainder when 574 is divided by i(m).
34
Let a(r) = 2*r**2 + 5*r - 1. Let x be a(-3). Let t be 399/(-27) + x/9*-1. Let w = t + 29. What is the remainder when 41 is divided by w?
13
Suppose 13 + 11 = 6*b. Suppose -356 = -4*j + b. Let z = -81 + j. Calculate the remainder when 36 is divided by z.
0
Suppose -161 = -3*c + 2*l, -213 = c - 5*c + l. Suppose 0 = -r - c + 198. What is the remainder when r is divided by 45?
10
Suppose -42702*a = -42711*a + 324. Calculate the remainder when 68 is divided by a.
32
Let o(j) = j**2 - 17*j + 7. Calculate the remainder when o(21) is divided by 26.
13
Let c be (-1*(-3 + 1))/(-1). Let q(v) = -4*v**3 - 3*v**2 - 2*v - 2. What is the remainder when q(c) is divided by 18 + 2*(-5)/25*(-25)/(-2)?
9
Let k(o) = 19*o + 286. Let g(i) = -10*i - 143. Let n(t) = -7*g(t) - 4*k(t). What is the remainder when 42 is divided by n(-27)?
4
Suppose m = 6*m - 20. Let a(c) = m*c**3 + c + c**3 - 5*c**3 - 3 + 2*c**2 + 4*c**3. Calculate the remainder when a(3) is divided by 43.
40
Suppose 0 = -m - 2*w + 18, -4*m + 3*w + 16 + 23 = 0. What is the remainder when 444 is divided by (-2)/12 + (26950/m)/35?
60
Suppose -3*g = g - 72. Let d be (8/10)/((2 - -7)/45). Suppose -p = d*j - 9 - 16, 5 = -2*p + 3*j. Calculate the remainder when g is divided by p.
3
Suppose 35*d - 36*d = -2. Suppose -l + 3*i + 0*i = -70, 4*l = -d*i + 322. What is the remainder when l is divided by 33?
13
Let w(b) = -640*b - 7225. What is the remainder when 935 is divided by w(-12)?
25
Suppose y - 64 = 1. Let r = 131 - y. Suppose -r*n + 62*n = -112. Calculate the remainder when 109 is divided by n.
25
Suppose -5*l - 41 = r - 3*r, -3*l = 3*r - 93. Let k(w) = -w**2 + 16*w + 300. What is the remainder when r is divided by k(-11)?
1
Calculate the remainder when (-11 + 770/(-33))*(-3 + (-2 - -2)) is divided by 29.
16
Suppose 4*c = -3*i + 21, c + 20 - 14 = 0. Let g = 6 + 11. What is the remainder when g is divided by i?
2
Suppose d = -o + 2*o + 457, -3*d + 1366 = 2*o. Let c = -140 + d. What is the remainder when c is divided by 46?
40
Suppose -3*z + 67 = -2*p, z + 6 = 3*p + 19. Let a = -135 + 227. What is the remainder when a is divided by z?
17
Let y(i) = i**2 + 26*i - 147. Let t = -39 + 71. Let m = t + -6. Calculate the remainder when m is divided by y(5).
2
Let r be (12 + -16)*374/(-8). Suppose t + 5*d - 53 = 0, -r = -2*t - t - d. What is the remainder when t is divided by 18?
9
Let g = -1633 - -1681. Calculate the remainder when 97 is divided by g.
1
Let p = -372 - -647. Let w = 303 - p. Calculate the remainder when 109 is divided by w.
25
Calculate the remainder when 7 - (2 + 3 - 108) is divided by 0 + 6/(-2) - (-70 + 10).
53
Suppose 4*y + 26 - 82 = 0. Calculate the remainder when y is divided by (-75)/(-225)*45/3.
4
Calculate the remainder when 437 is divided by ((-6)/(-2) - -49) + (44/(-11) - -1).
45
What is the remainder when 296 is divided by (-606)/(-11) + ((-455)/286 - (-3)/2)?
21
Suppose 13*f - 9*f + 124 = 4*i, -9*f = 4*i - 215. What is the remainder when 2448 is divided by i?
16
Let q(f) = -9*f**2 - 30*f + 96. Let b be q(3). Let z be 23*2 + (-1)/1. Calculate the remainder when 119 is divided by 10/b + 1806/z.
39
Let r(x) = -76*x - 6. Let g be r(-2). Let k = -71 + g. What is the remainder when k is divided by 26?
23
Let i = -6 + 10. Suppose 3*g - g - 8 = -k, -i*k = -5*g + 33. Let x = -55231 - -55235. What is the remainder when g is divided by x?
1
Let i = 5875 - 5849. Suppose 5*t = 43 + 32. What is the remainder when i is divided by t?
11
Let w = -49 - -57. Suppose 0 = 5*t - 5*r + r - 42, -5*t = 4*r - 58. What is the remainder when t is divided by (6 - w)/(3 - 2) - -8?
4
Let u(r) = r - 21. Let i be u(23). Suppose 0 = 5*b - 2*j - 209, -i*b + 120 = 2*j + 28. Calculate the remainder when b is divided by 22.
21
Let j(w) = 2*w**2 + 651*w + 4471. Suppose -61 = -3*p + 2*p. What is the remainder when p is divided by j(-7)?
1
Let d = 201 + -198. Suppose -6 = d*u, 2*n = 3*n - u - 9. What is the remainder when 55 is divided by n?
6
Let g(s) = -2*s**3 - 5*s**2 + 2*s + 3. Let x be (-2)/(4 + -1 - 7/3). Let t be g(x). Suppose -t*k + 64 = -68. Calculate the remainder when 42 is divided by k.
20
Let b = -4045 - -4557. Calculate the remainder when b is divided by 220.
72
Let s = -67 - -70. Suppose 0 = -x - s*x + 72. What is the remainder when 102 is divided by x?
12
Let r(f) = 9*f**2 - 129*f - 69. Calculate the remainder when 69 is divided by r(15).
6
Suppose 52 = 4*v + 4*c, -657*c = 2*v - 656*c - 21. Calculate the remainder when 6*3*478/12 is divided by v.
5
Suppose -27343 = 244*o - 281*o. What is the remainder when o is divided by 249?
241
What is the remainder when 516 is divided by 12880/104 + (-2)/5 + 108/195?
20
Let w(z) = -z**